{"id":42,"date":"2024-06-18T11:12:29","date_gmt":"2024-06-18T09:12:29","guid":{"rendered":"https:\/\/studioekilibr.com\/?page_id=42"},"modified":"2025-07-22T17:43:24","modified_gmt":"2025-07-22T15:43:24","slug":"planning","status":"publish","type":"page","link":"https:\/\/studioekilibr.com\/index.php\/planning\/","title":{"rendered":"PLANNING"},"content":{"rendered":"\n<div class=\"wp-block-group alignfull has-base-background-color has-background has-global-padding is-layout-constrained wp-container-core-group-is-layout-e94d914f wp-block-group-is-layout-constrained\" style=\"min-height:70vh;margin-top:0;margin-bottom:0;padding-top:var(--wp--preset--spacing--50);padding-right:var(--wp--preset--spacing--50);padding-bottom:var(--wp--preset--spacing--50);padding-left:var(--wp--preset--spacing--50);background-image:url(&apos;https:\/\/studioekilibr.com\/wp-content\/uploads\/2024\/06\/transition-bas-moyen-5.png&apos;);background-position:50% 0%;background-repeat:no-repeat;background-size:contain;\">\n<div class=\"wp-block-group is-vertical is-content-justification-center is-layout-flex wp-container-core-group-is-layout-ce155fab wp-block-group-is-layout-flex\">\n<div class=\"wp-block-group alignwide is-vertical is-content-justification-center is-layout-flex wp-container-core-group-is-layout-ce155fab wp-block-group-is-layout-flex\">\n<h3 class=\"wp-block-heading has-text-align-center\">Contactez-nous avant votre 1er cours<\/h3>\n\n\n\n<div style=\"height:0px\" aria-hidden=\"true\" class=\"wp-block-spacer wp-container-content-728072c3\"><\/div>\n<\/div>\n\n\n\n<div class=\"wp-block-buttons is-layout-flex wp-block-buttons-is-layout-flex\">\n<div class=\"wp-block-button has-custom-width wp-block-button__width-100\"><a class=\"wp-block-button__link has-base-color has-custom-couleur-1-background-color has-text-color has-background has-link-color has-medium-font-size has-custom-font-size wp-element-button\" href=\"mailto:contact@studioekilibr.com\">contact@studioekilibr.com<\/a><\/div>\n<\/div>\n\n\n\n<div style=\"height:0px\" aria-hidden=\"true\" class=\"wp-block-spacer wp-container-content-1cacd481\"><\/div>\n<\/div>\n\n\n\n<div class=\"wp-block-group has-global-padding is-layout-constrained wp-block-group-is-layout-constrained\">\n<h2 class=\"wp-block-heading alignwide has-text-align-center\">Planning 2025-2026<\/h2>\n\n\n\n<div class=\"wp-block-group alignwide has-global-padding is-layout-constrained wp-block-group-is-layout-constrained\">\n<div class=\"wp-block-group alignwide has-global-padding is-layout-constrained wp-block-group-is-layout-constrained\">\n<div style=\"height:40px\" aria-hidden=\"true\" class=\"wp-block-spacer\"><\/div>\n\n\n\n<div class=\"wp-block-group alignwide has-global-padding is-layout-constrained wp-block-group-is-layout-constrained\">\n<div class=\"wp-block-group alignwide tablewrap tablerowfixe is-horizontal is-content-justification-center is-nowrap is-layout-flex wp-container-core-group-is-layout-26fd382b wp-block-group-is-layout-flex\" style=\"padding-right:0;padding-left:0\">\n<figure class=\"wp-block-table alignwide is-style-regular\" style=\"margin-top:0;margin-bottom:0;padding-top:var(--wp--preset--spacing--10);padding-right:0;padding-bottom:var(--wp--preset--spacing--10);padding-left:0;font-size:clamp(0.875rem, 0.875rem + ((1vw - 0.2rem) * 0.208), 1rem);\"><table class=\"has-contrast-2-color has-text-color has-link-color has-border-color has-fixed-layout\" style=\"border-color:#47293759;border-style:solid;border-width:1px\"><tbody><tr><td class=\"has-text-align-center\" data-align=\"center\"><strong>Lundi<\/strong><\/td><\/tr><tr><td class=\"has-text-align-center\" data-align=\"center\"><br><br><br><br><br><\/td><\/tr><tr><td class=\"has-text-align-center\" data-align=\"center\"><\/td><\/tr><tr><td class=\"has-text-align-center\" data-align=\"center\">18h &#8211; 20h<br><strong>Ashtanga Mysore<\/strong><br><br>tous niveaux<br>Miriana<\/td><\/tr><\/tbody><\/table><\/figure>\n\n\n\n<figure class=\"wp-block-table alignwide is-style-regular\" style=\"margin-top:0;margin-bottom:0;padding-top:var(--wp--preset--spacing--10);padding-right:0;padding-bottom:var(--wp--preset--spacing--10);padding-left:0;font-size:clamp(0.875rem, 0.875rem + ((1vw - 0.2rem) * 0.208), 1rem);\"><table class=\"has-contrast-2-color has-text-color has-link-color has-border-color has-fixed-layout\" style=\"border-color:#47293759;border-style:solid;border-width:1px\"><tbody><tr><td class=\"has-text-align-center\" data-align=\"center\"><strong>Mardi<\/strong><\/td><\/tr><tr><td class=\"has-text-align-center\" data-align=\"center\">7h &#8211; 9h<br><strong>Ashtanga Mysore<\/strong><br><br>tous niveaux<br>Miriana<\/td><\/tr><tr><td class=\"has-text-align-center\" data-align=\"center\"><\/td><\/tr><tr><td class=\"has-text-align-center\" data-align=\"center\">18h &#8211; 20h<br><strong>Ashtanga Mysore<\/strong><br><br>tous niveaux<br>Miriana<\/td><\/tr><\/tbody><\/table><\/figure>\n\n\n\n<figure class=\"wp-block-table alignwide is-style-regular\" style=\"margin-top:0;margin-bottom:0;padding-top:var(--wp--preset--spacing--10);padding-right:0;padding-bottom:var(--wp--preset--spacing--10);padding-left:0;font-size:clamp(0.875rem, 0.875rem + ((1vw - 0.2rem) * 0.208), 1rem);\"><table class=\"has-contrast-2-color has-text-color has-link-color has-border-color has-fixed-layout\" style=\"border-color:#47293759;border-style:solid;border-width:1px\"><tbody><tr><td class=\"has-text-align-center\" data-align=\"center\"><strong>Mercredi<\/strong><\/td><\/tr><tr><td class=\"has-text-align-center\" data-align=\"center\"><br><br><br><br><br><\/td><\/tr><tr><td class=\"has-text-align-center\" data-align=\"center\"><\/td><\/tr><tr><td class=\"has-text-align-center\" data-align=\"center\">18h &#8211; 20h<br><strong>Ashtanga Mysore<\/strong><br><br>tous niveaux<br>Miriana<\/td><\/tr><\/tbody><\/table><\/figure>\n\n\n\n<figure class=\"wp-block-table alignwide is-style-regular\" style=\"margin-top:0;margin-bottom:0;padding-top:var(--wp--preset--spacing--10);padding-right:0;padding-bottom:var(--wp--preset--spacing--10);padding-left:0;font-size:clamp(0.875rem, 0.875rem + ((1vw - 0.2rem) * 0.208), 1rem);\"><table class=\"has-contrast-2-color has-text-color has-link-color has-border-color has-fixed-layout\" style=\"border-color:#47293759;border-style:solid;border-width:1px\"><tbody><tr><td class=\"has-text-align-center\" data-align=\"center\"><strong>Jeudi<\/strong><\/td><\/tr><tr><td class=\"has-text-align-center\" data-align=\"center\">7h &#8211; 9h<br><strong>Ashtanga Mysore<\/strong><br><br>tous niveaux<br>Miriana<\/td><\/tr><tr><td class=\"has-text-align-center\" data-align=\"center\"><\/td><\/tr><tr><td class=\"has-text-align-center\" data-align=\"center\">18h30 &#8211; 19h30<br><strong>Ashtanga initiation<\/strong><br><br>d\u00e9butant.e<br>Manuelle<\/td><\/tr><\/tbody><\/table><\/figure>\n\n\n\n<figure class=\"wp-block-table alignwide is-style-regular\" style=\"margin-top:0;margin-bottom:0;padding-top:var(--wp--preset--spacing--10);padding-right:0;padding-bottom:var(--wp--preset--spacing--10);padding-left:0;font-size:clamp(0.875rem, 0.875rem + ((1vw - 0.2rem) * 0.208), 1rem);\"><table class=\"has-contrast-2-color has-text-color has-link-color has-border-color has-fixed-layout\" style=\"border-color:#47293759;border-style:solid;border-width:1px\"><tbody><tr><td class=\"has-text-align-center\" data-align=\"center\"><strong>Vendredi<\/strong><\/td><\/tr><tr><td class=\"has-text-align-center\" data-align=\"center\">7h &#8211; 9h<br><strong>Ashtanga Mysore<\/strong><br><br>tous niveaux<br>Manuelle<\/td><\/tr><tr><td class=\"has-text-align-center\" data-align=\"center\"><\/td><\/tr><tr><td class=\"has-text-align-center\" data-align=\"center\">18h30 &#8211; 20h<br><strong>Yoga doux<\/strong><br>cours ponctuel<br><br>tous niveaux<\/td><\/tr><\/tbody><\/table><\/figure>\n\n\n\n<figure class=\"wp-block-table alignwide is-style-regular\" style=\"margin-top:0;margin-bottom:0;padding-top:var(--wp--preset--spacing--10);padding-right:0;padding-bottom:var(--wp--preset--spacing--10);padding-left:0;font-size:clamp(0.875rem, 0.875rem + ((1vw - 0.2rem) * 0.208), 1rem);\"><table class=\"has-contrast-2-color has-text-color has-link-color has-border-color has-fixed-layout\" style=\"border-color:#47293759;border-style:solid;border-width:1px\"><tbody><tr><td class=\"has-text-align-center\" data-align=\"center\"><strong>Samedi<\/strong><\/td><\/tr><tr><td class=\"has-text-align-center\" data-align=\"center\">9h &#8211; 11h<br><strong>Ashtanga Mysore<\/strong><br><br>tous niveaux<br>Miriana ou Manuelle<\/td><\/tr><tr><td class=\"has-text-align-center\" data-align=\"center\"><\/td><\/tr><tr><td class=\"has-text-align-center\" data-align=\"center\"><br><br><br><br><br><\/td><\/tr><\/tbody><\/table><\/figure>\n<\/div>\n<\/div>\n<\/div>\n\n\n\n<div style=\"height:60px\" aria-hidden=\"true\" class=\"wp-block-spacer\"><\/div>\n<\/div>\n\n\n\n<div class=\"wp-block-group alignfull has-global-padding is-layout-constrained wp-block-group-is-layout-constrained\">\n<h2 class=\"wp-block-heading alignwide\">Tarifs &amp; abonnements<\/h2>\n\n\n\n<div style=\"height:40px\" aria-hidden=\"true\" class=\"wp-block-spacer\"><\/div>\n\n\n\n<div class=\"wp-block-group has-global-padding is-layout-constrained wp-block-group-is-layout-constrained\">\n<p>D\u00e9couverte<\/p>\n\n\n\n<figure class=\"wp-block-table alignleft is-style-regular\" style=\"margin-top:0;margin-bottom:0;padding-top:var(--wp--preset--spacing--10);padding-right:var(--wp--preset--spacing--10);padding-bottom:var(--wp--preset--spacing--10);padding-left:var(--wp--preset--spacing--10);font-size:clamp(0.875rem, 0.875rem + ((1vw - 0.2rem) * 0.208), 1rem);\"><table class=\"has-contrast-2-color has-text-color has-link-color has-border-color has-fixed-layout\" style=\"border-color:#47293759;border-style:solid;border-width:1px\"><tbody><tr><td>Cours d\u00e9couverte<\/td><td>10\u20ac (d\u00e9butant.e, d\u00e9ductible d&#8217;un abonnement)<\/td><\/tr><\/tbody><\/table><\/figure>\n\n\n\n<p>Avec adh\u00e9sion<\/p>\n\n\n\n<figure class=\"wp-block-table alignleft is-style-regular\" style=\"margin-top:0;margin-bottom:0;padding-top:var(--wp--preset--spacing--10);padding-right:var(--wp--preset--spacing--10);padding-bottom:var(--wp--preset--spacing--10);padding-left:var(--wp--preset--spacing--10);font-size:clamp(0.875rem, 0.875rem + ((1vw - 0.2rem) * 0.208), 1rem);\"><table class=\"has-contrast-2-color has-text-color has-link-color has-border-color has-fixed-layout\" style=\"border-color:#47293759;border-style:solid;border-width:1px\"><tbody><tr><td>Ann\u00e9e illimit\u00e9e<\/td><td>610\u20ac<\/td><\/tr><tr><td>2 cours\/semaine<\/td><td>570\u20ac<\/td><\/tr><tr><td>1 cours\/semaine<\/td><td>410\u20ac<\/td><\/tr><tr><td>Carte 10 cours<\/td><td>150\u20ac (hors d\u00e9butant.e.s &#8211; valable 5 mois)<\/td><\/tr><\/tbody><\/table><figcaption class=\"wp-element-caption\">Plus adh\u00e9sion annuelle \u00e0 l&#8217;association 10\u20ac &#8211; valable 1 an de date \u00e0 date<\/figcaption><\/figure>\n\n\n\n<p>Sans adh\u00e9sion<\/p>\n\n\n\n<div class=\"wp-block-columns is-layout-flex wp-container-core-columns-is-layout-28f84493 wp-block-columns-is-layout-flex\">\n<div class=\"wp-block-column is-layout-flow wp-block-column-is-layout-flow\" style=\"flex-basis:100%\">\n<figure class=\"wp-block-table alignleft is-style-regular\" style=\"margin-top:0;margin-bottom:0;padding-top:var(--wp--preset--spacing--10);padding-right:var(--wp--preset--spacing--10);padding-bottom:var(--wp--preset--spacing--10);padding-left:var(--wp--preset--spacing--10);font-size:clamp(0.875rem, 0.875rem + ((1vw - 0.2rem) * 0.208), 1rem);\"><table class=\"has-contrast-2-color has-text-color has-link-color has-border-color has-fixed-layout\" style=\"border-color:#47293759;border-style:solid;border-width:1px\"><tbody><tr><td>Cours \u00e0 l&#8217;unit\u00e9<\/td><td>18\u20ac (hors d\u00e9butant.e.s) <\/td><\/tr><tr><td>1 mois illimit\u00e9<\/td><td>120\u20ac<\/td><\/tr><\/tbody><\/table><\/figure>\n\n\n\n<p>Autres propositions<\/p>\n\n\n\n<figure class=\"wp-block-table alignleft is-style-regular\" style=\"margin-top:0;margin-bottom:0;padding-top:var(--wp--preset--spacing--10);padding-right:var(--wp--preset--spacing--10);padding-bottom:var(--wp--preset--spacing--10);padding-left:var(--wp--preset--spacing--10);font-size:clamp(0.875rem, 0.875rem + ((1vw - 0.2rem) * 0.208), 1rem);\"><table class=\"has-contrast-2-color has-text-color has-link-color has-border-color has-fixed-layout\" style=\"border-color:#47293759;border-style:solid;border-width:1px\"><tbody><tr><td>Cours particulier<\/td><td>Devis sur demande<\/td><\/tr><tr><td>Cours en entreprise<\/td><td>Devis sur demande<\/td><\/tr><tr><td>Location de la salle<\/td><td>Devis sur demande<\/td><\/tr><\/tbody><\/table><\/figure>\n<\/div>\n<\/div>\n<\/div>\n\n\n\n<div style=\"height:60px\" aria-hidden=\"true\" class=\"wp-block-spacer\"><\/div>\n<\/div>\n<\/div>\n\n\n\n<div class=\"wp-block-group has-global-padding is-layout-constrained wp-container-core-group-is-layout-704e782a wp-block-group-is-layout-constrained\">\n<div class=\"wp-block-group alignwide has-base-2-background-color has-background is-vertical is-content-justification-center is-layout-flex wp-container-core-group-is-layout-8967fc01 wp-block-group-is-layout-flex\" style=\"border-radius:20px;padding-top:var(--wp--preset--spacing--30);padding-right:var(--wp--preset--spacing--40);padding-bottom:var(--wp--preset--spacing--30);padding-left:var(--wp--preset--spacing--40)\">\n<h3 class=\"wp-block-heading has-text-align-center\">Conditions<\/h3>\n\n\n\n<div style=\"height:0px\" aria-hidden=\"true\" class=\"wp-block-spacer wp-container-content-62aae154\"><\/div>\n\n\n\n<div class=\"wp-block-group is-layout-flow wp-block-group-is-layout-flow\">\n<p><strong>Cours d&#8217;essai <\/strong><\/p>\n\n\n\n<ul class=\"wp-block-list\">\n<li>Contactez-nous par mail avant votre premier cours.<\/li>\n\n\n\n<li>Pr\u00e9voyez l\u2019appoint (esp\u00e8ce ou ch\u00e8que). Pas de virement.<\/li>\n<\/ul>\n\n\n\n<p><strong>Abonnements<\/strong><\/p>\n\n\n\n<ul class=\"wp-block-list\">\n<li>Les abonnements sont payables en plusieurs fois, par ch\u00e8que .<\/li>\n\n\n\n<li>Abonnement du 1er septembre au 27 juin (38 semaines de cours), recalcul\u00e9 au prorata au fil de l\u2019ann\u00e9e.<\/li>\n\n\n\n<li>Possibilit\u00e9 de prendre un abonnement \u00e0 l\u2019ann\u00e9e apr\u00e8s 1 carte ou 1 mois illimit\u00e9. A d\u00e9duire de l\u2019abonnement, \u00e0 partir de la date du 1er cours.<\/li>\n\n\n\n<li>Le nombre de participant.e.s aux cours est limit\u00e9 afin de favoriser un \u00e9change individualis\u00e9.<\/li>\n<\/ul>\n\n\n\n<p><strong>Vacances &amp; fermeture<\/strong><\/p>\n\n\n\n<ul class=\"wp-block-list\">\n<li>Fermeture 1 semaine aux vacances de la Toussaint (du 18 au 26 octobre), 2 semaines \u00e0 No\u00ebl (du 20 d\u00e9cembre au 4 janvier), 1 semaine en hiver (du 21 f\u00e9vrier au 1er mars) et 1 semaine \u00e0 P\u00e2ques (du 18 au 26 avril), Pont de l\u2019Ascension (du 14 mai au 17 mai) ainsi que les jours f\u00e9ri\u00e9s (samedi 01\/11, mardi 11\/11, lundi 06\/04, vendredi 01\/05, vendredi 08\/05, lundi 25\/05).<\/li>\n\n\n\n<li>Le studio est ouvert en juillet, tarifs hors abonnement.<\/li>\n<\/ul>\n\n\n\n<p><strong>Politique de remboursement<\/strong><\/p>\n\n\n\n<ul class=\"wp-block-list\">\n<li>Aucun remboursement, transfert sur l\u2019ann\u00e9e suivante, ou modification de forfait ne pourra \u00eatre effectu\u00e9. L\u2019association n\u2019est pas responsable de sa non-utilisation. Si probl\u00e8me de sant\u00e9 grave, nous pr\u00e9venir en d\u00e9but de p\u00e9riode pour un report d\u2019abonnement.<\/li>\n<\/ul>\n<\/div>\n<\/div>\n<\/div>\n<\/div>\n","protected":false},"excerpt":{"rendered":"<p>Contactez-nous avant votre 1er cours Planning 2025-2026 Lundi 18h &#8211; 20hAshtanga Mysore tous niveauxMiriana Mardi 7h &#8211; 9hAshtanga Mysore tous niveauxMiriana 18h &#8211; 20hAshtanga Mysore tous niveauxMiriana Mercredi 18h &#8211; 20hAshtanga Mysore tous niveauxMiriana Jeudi 7h &#8211; 9hAshtanga Mysore tous niveauxMiriana 18h30 &#8211; 19h30Ashtanga initiation d\u00e9butant.eManuelle Vendredi 7h &#8211; 9hAshtanga Mysore tous niveauxManuelle 18h30 &#8211; [&hellip;]<\/p>\n","protected":false},"author":1,"featured_media":0,"parent":0,"menu_order":0,"comment_status":"closed","ping_status":"closed","template":"","meta":{"inline_featured_image":false,"footnotes":""},"class_list":["post-42","page","type-page","status-publish","hentry"],"_links":{"self":[{"href":"https:\/\/studioekilibr.com\/index.php\/wp-json\/wp\/v2\/pages\/42","targetHints":{"allow":["GET"]}}],"collection":[{"href":"https:\/\/studioekilibr.com\/index.php\/wp-json\/wp\/v2\/pages"}],"about":[{"href":"https:\/\/studioekilibr.com\/index.php\/wp-json\/wp\/v2\/types\/page"}],"author":[{"embeddable":true,"href":"https:\/\/studioekilibr.com\/index.php\/wp-json\/wp\/v2\/users\/1"}],"replies":[{"embeddable":true,"href":"https:\/\/studioekilibr.com\/index.php\/wp-json\/wp\/v2\/comments?post=42"}],"version-history":[{"count":43,"href":"https:\/\/studioekilibr.com\/index.php\/wp-json\/wp\/v2\/pages\/42\/revisions"}],"predecessor-version":[{"id":498,"href":"https:\/\/studioekilibr.com\/index.php\/wp-json\/wp\/v2\/pages\/42\/revisions\/498"}],"wp:attachment":[{"href":"https:\/\/studioekilibr.com\/index.php\/wp-json\/wp\/v2\/media?parent=42"}],"curies":[{"name":"wp","href":"https:\/\/api.w.org\/{rel}","templated":true}]}}